)?
1
Let j = -3 + 0. Let c(x) = 5*x + 4. Let d(a) = 5*a + 4. Let s(z) = 5*c(z) - 4*d(z). Determine s(j).
-11
Let r(g) = -3*g**3 - g**2 - g. Suppose -4 + 24 = 5*x. Let f(q) = q**3 - 5*q**2 + 5*q - 2. Let o be f(x). Suppose -k = -0*a + o*a, -a = -4*k + 9. What is r(a)?
3
Let t(k) = k - 8. Let p be t(7). Let i(w) = 6*w**2 - w. Give i(p).
7
Let q(n) = -4*n**2 - 6*n - 2. Let l be q(-2). Let v(f) = f**3 + 6*f**2 + 1. What is v(l)?
1
Let q(u) be the second derivative of -u**5/20 + 7*u**4/12 - 5*u**3/6 - 5*u**2/2 - 6*u. Determine q(6).
1
Suppose -4*k = -3*k + 5. Let i(a) = a**3 + 5*a**2 - a + 1. Calculate i(k).
6
Suppose 5*y + 32 = 42. Let i(k) = -4*k**2 + 4*k - 2. Determine i(y).
-10
Let y(g) = -18*g**3 + 2*g**2 - 5*g + 4*g - 38 + 38. Calculate y(1).
-17
Let u(j) be the second derivative of -j**5/2 + j**3/6 + j. Let o be (-2)/3*6/4. Let y be (1/(1/1))/o. Determine u(y).
9
Let h be (-2)/6 + 41/(-3). Let i be 2 + (-2)/((-4)/h). Let n(s) be the second derivative of -s**5/20 - s**4/3 + 5*s**3/6 - 7*s**2/2 - 2*s. Determine n(i).
-7
Let n(j) = j**2 + 4*j - 6. Let x = 26 - 20. Let h be x*4/(16/(-4)). Determine n(h).
6
Let s(z) = -2*z**2 - 4*z + 3. Let u be -2*5/3*6/4. Determine s(u).
-27
Let k = -65 + 61. Let w(s) = 3*s**2 + 7*s + 4. What is w(k)?
24
Let f(w) be the second derivative of w**4/12 + w**3/6 - 2*w**2 + 34*w + 2. Let b = 0 - -3. Determine f(b).
8
Let s(g) = g**3 - 14*g**2 + 22*g + 17. Let p be s(12). Let n(i) = -i**2 - 6*i + 1. Calculate n(p).
-6
Let l = -13 - -17. Let w(o) = o**2 - 3*o - 2. What is w(l)?
2
Let u(w) = -1. Let v(m) = -m**3 - 4*m**2 + m + 6. Let r(j) = -2*u(j) - v(j). Suppose 5*z - 20 = 5*s, -4*s - 5*z - 16 = -0*z. Determine r(s).
0
Let k(j) = j**3 + j. Let i(y) = -3*y**3 + y**2 - 2*y - 1. Let u(b) = 2*i(b) + 5*k(b). Determine u(2).
0
Let n(y) be the first derivative of 2*y**2 - 2*y - 31. What is n(2)?
6
Let n(q) be the first derivative of q**3/3 - q**2/2 - 2*q - 1. Suppose 5*m - 7 = -22. What is n(m)?
10
Let z be (-6)/9 + (-4 - 33/(-9)). Let x(p) = -22*p**2 - 2*p - 1. What is x(z)?
-21
Let g be -1 + (0 - (2 - -1)). Let c(v) = -v**2 - 3*v - 2. What is c(g)?
-6
Let s(z) = 8*z + 3*z + 4*z**3 + 0*z + 12*z**2 - 9 - 9. Let a(n) = 3*n**3 + 8*n**2 + 7*n - 12. Let c be (1/3)/(4/60). Let x(k) = c*s(k) - 7*a(k). What is x(5)?
-1
Let i = 2 - 0. Suppose 4 = -i*q + 2. Let z(o) = 2*o**3 + o**2 - 1. Determine z(q).
-2
Suppose x + 18 = -2*x. Let n(h) = h**2 + 8*h + 2. Calculate n(x).
-10
Let b = 56 - 86. Let v be 45/b*4/(-3). Let t(k) = 2*k**3 - 4*k**2 + k + 2. Determine t(v).
4
Let l(k) be the second derivative of -k**5/20 - k**3/6 + k**2 - k. Suppose y + 0*z - 10 = 4*z, -3*z - 6 = 0. Determine l(y).
-8
Let u(z) = -z + 1. Suppose 41 = -4*n + 57. Give u(n).
-3
Let k(b) = 6*b - 7. Let y(w) = -32*w + 35. Let i(z) = -11*k(z) - 2*y(z). Give i(-8).
23
Let h be ((-2)/3)/((-2)/3). Let b = 28 + -15. Let m(q) = 3*q - 19*q**2 + b*q**2 - 3*q. Determine m(h).
-6
Let r(f) = f**3 - 7*f**2 + 7*f - 5. Let v be (-5 + -3)*(-6)/(-4). Let u = -6 - v. Calculate r(u).
1
Let k(x) = x**2 + 2*x**3 + 3 - 5*x**3 + 2*x**3. Let z be k(0). Suppose z*n = 4*n. Let r(m) = m + 3. Determine r(n).
3
Suppose -b + 2 = -z - 4, -z = b - 6. Suppose -2*q - 4*c + 48 = -b*q, 0 = -3*q + 2*c - 33. Let f = -4 - q. Let x(i) = i**3 - 6*i**2 + 4*i - 1. Calculate x(f).
-6
Let u(p) = -9*p + 9 + 7*p + 3*p. Calculate u(-8).
1
Suppose -1 = -z + 4*v, -5*z + 5 = 3*v - v. Suppose -3*f - 4 = -4*t + z, -3*f - 3*t + 9 = 0. Let u(h) = 9*h**2 + h - 1. What is u(f)?
9
Let y(a) be the second derivative of a**8/6720 - a**7/2520 - a**6/720 - a**5/20 + a**4/3 - 2*a. Let v(q) be the third derivative of y(q). Give v(0).
-6
Suppose -3*t + 3 + 3 = 0. Let f(y) = -y + 0*y**3 + 0*y**3 - 1 + 7*y**t - 4*y**2 - y**3. Let l be 2 - (-1)/1*1. What is f(l)?
-4
Suppose 2*m + 3*m - 5 = 0. Let s(n) = n**3 - n**2 - n - 1. Let a(d) = 3*d**2 + 3*d + 2. Let p(i) = m*a(i) + s(i). Determine p(-1).
0
Let w(l) = -l**2 + 7*l + 11. Let g be w(9). Let n(p) = p**3 + 8*p**2 + 7*p + 5. Let v be n(g). Let j(h) = -h + 10. Calculate j(v).
5
Let i(d) = -d - 5. Let o be i(-8). Suppose 8 = o*y + 2. Let s(a) = a**3 - 5*a**3 + 3*a**y + 3*a + 3*a**3 - 3. Determine s(3).
6
Let q = -9 - -14. Let t(h) = h**2 - q + 9*h**2 + 5*h + 5*h**2 + h**3 - 8*h**2. What is t(-6)?
1
Let x(z) = -9*z**3 + 3*z**2 + z. Let m(k) = 4*k**3 - 2*k**2. Let l(d) = -7*m(d) - 3*x(d). What is l(4)?
4
Let z(u) = 3. Let n(w) = w + 4. Let x = -9 - -6. Let j(k) = x*z(k) + 2*n(k). Determine j(2).
3
Let i(j) = j**2 - 3*j + 2. Let u be i(4). Let f(d) = -d**3 + 7*d**2 - 9*d + 9. Calculate f(u).
-9
Let s(n) = -n**2 - 4*n - 3. Let h be s(-2). Let j(g) = -2*g**2 + g. Let i be j(h). Let d(c) = 5*c**2 + c. Calculate d(i).
4
Let y(f) = -5*f**2 - 4*f - 6. Let s(t) = -3*t**2 - 3*t - 4. Let b(v) = 8*s(v) - 5*y(v). Give b(4).
-2
Let a(x) = 2*x**3 + 2*x**2 - 2*x + 1. Suppose 5*b - 5*y = -20, 3*b + 5*y = 4*y + 8. What is a(b)?
3
Let k(t) = -t**3 + t - 3. Suppose 7*j = 5*j. Give k(j).
-3
Let d(r) = 4*r. Let h(y) = y**2 + 6*y - 6. Suppose 7 = -n - 0*n. Let i be h(n). Give d(i).
4
Let y(g) = -g**2 - g + 2. Suppose -4*r = 4*p + 32, 0*p = -2*r - 4*p - 14. Let u = 6 + r. Calculate y(u).
-4
Let t(f) = 4*f. Suppose -10 = 4*x + x. Let m be (3/1)/((-3)/x). Determine t(m).
8
Let g(k) = 20*k - 11. Let y(j) = -10*j + 5. Let m(q) = -6*g(q) - 13*y(q). Let f = -3 + -1. Let t = f + 3. Give m(t).
-9
Let m be (4 - -2)*-2 + 2. Let k = m - -6. Let v(x) = -2*x - 6. Determine v(k).
2
Let t(i) = 28*i - 44*i + 17*i. Let n(w) = -w + 6. Let f be n(5). Give t(f).
1
Let f(m) = m - 6. Let u be f(-9). Let z = 9 + u. Let h(i) = -i**2 - 5*i + 4. Calculate h(z).
-2
Let t = -16 - -13. Let i be -3 - t/(12/28). Let n(l) = l**2 - 2*l - 3. What is n(i)?
5
Suppose 4*u - 7 - 5 = 0. Let g(m) = 4*m - 3 + 0*m - u*m - 2. Determine g(6).
1
Let t(q) = 2*q**3 - q**2 + 9*q + 8. Let l(u) = -u**3 + 2*u**2 - 8*u - 7. Let b(v) = -3*l(v) - 2*t(v). What is b(-5)?
0
Let f(s) = -5*s - 1. Let c(h) = -h**2 - 9*h - 16. Let y be c(-7). Give f(y).
9
Let i(j) = -j**3 + 3*j**2 + 0*j - 4 - 9*j - 8*j**2 + 3*j. Determine i(-4).
4
Let w(z) = 1 + 0 + 6 + 4*z - 6 - z**2. Suppose 4*x - 1 = 3*s, x - 3*s + 3 = -8. Determine w(x).
1
Let v(b) be the first derivative of -2*b**3/3 - 7*b**2/2 - 4*b + 18. What is v(-4)?
-8
Suppose 8*d - 4*d + p + 21 = 0, -5*d = 2*p + 24. Let g(k) = k**3 + 6*k**2 + 6. Give g(d).
6
Let i(v) = -v**2 - 11*v + 5. Let w be i(-11). Let b(u) = 2*u + 2*u - 5*u + w*u. Let q = 5 - 3. Give b(q).
8
Let b(r) = r**3 + 4*r**2 - 4*r + 4. Let i(w) = 2*w - 6. Let y be i(7). Suppose 4*q = 4*m + 12, -y*m + 4*m = 2*q + 24. Determine b(m).
-1
Let q = 2 + 0. Let x(r) = r**q - r - 5*r**2 + 6 + 5*r**2. Suppose 5*h = h. What is x(h)?
6
Suppose 8*n - 4*n + a = -4, n + 1 = -4*a. Let l(v) = -6*v + 1 - 8*v + v. Determine l(n).
14
Suppose -4*w - 4 = -3*w. Let a(i) = -i**2 - 6*i + 5. Let v(l) = l**2 + 5*l - 5. Let g(h) = 2*a(h) + 3*v(h). Give g(w).
-1
Let k(t) = t**3 - 5*t**2 + 2*t. Let b(f) = -3*f + 22. Let h be b(6). What is k(h)?
-8
Let q(y) = y**2 - y. Suppose -2*b = b. Calculate q(b).
0
Let u(l) = -l - 3. Let c be u(-4). Let s(j) = -6*j**2 + j + 1. Let d be s(c). Let p(x) = -3*x**2 + 3 - 7 + 2*x**2 - 4*x. Give p(d).
-4
Let p(n) be the first derivative of n**3/3 - n**2 - 2*n - 5. Determine p(5).
13
Let c be 4/(-8) + 1/2. Let j(w) = 8*w - w + c - 3*w**2 - w**3 + 3 - 3*w. Calculate j(-3).
-9
Let o = -55 + 49. Let l(x) = x**3 + 6*x**2 + 8. Determine l(o).
8
Let l(r) = r**3 + 7*r**2 + 6*r - 8. Let b = -15 - -9. Give l(b).
-8
Let u = -2 + -3. Let f(r) = 5*r**2 - 3*r - 2. Let t be f(u). Let k be t/(-42) + (-4)/(-14). Let m(w) = w**2 + 2*w - 4. What is m(k)?
-1
Let s(g) = 4*g**2 + 11*g - 5. Let x(z) = -z**2 - 3*z + 1. Let v(p) = 2*s(p) + 9*x(p). Determine v(-4).
3
Let r(b) = 4*b + 4. Suppose -3*k = -5*k + 20. Let w be -3 + (-5)/(k/(-8)). Let p = w - 5. What is r(p)?
-12
Let p(q) = -q**3 - 2*q**2 - 4*q - 2. Let k(x) = x**3 + 3*x**2 + 4*x + 2. Let i(l) = 3*k(l) + 2*p(l). Determine i(-4).
2
Let d(p) be the third derivative of -11*p**5/60 + 32*p**2. Calculate d(1).
-11
Let w(c) = c. Let q(n) = -n**3 + 5*n**2 - 9*n - 1. Let u(i) = -i**3 + i**2 + 5*i - 3. Let m be u(3). Let t(l) = m*w(l) - q(l). Determine t(4).
-3
Let b(k) be the first derivative of -3 + 1/3*k**3 + 5*k + 0*k**2. What